0
-112 (base 4) to base 12
-1a
What is -3 (base 11) in base 8?
-3
Convert -1b (base 15) to base 3.
-222
Convert -2120 (base 3) to base 4.
-1011
Convert -3 (base 10) to base 13.
-3
-1 (base 5) to base 8
-1
What is -11 (base 4) in base 6?
-5
Convert -10 (base 13) to base 11.
-12
7 (base 15) to base 10
7
-162 (base 7) to base 14
-69
What is 10000001 (base 2) in base 12?
a9
What is 11 (base 16) in base 15?
12
What is 10100 (base 3) in base 7?
156
What is 41 (base 6) in base 11?
23
What is -136 (base 10) in base 14?
-9a
18 (base 16) to base 6
40
What is 6 (base 8) in base 4?
12
What is 3 (base 11) in base 9?
3
-1 (base 14) to base 13
-1
What is -3 (base 8) in base 7?
-3
What is 2 (base 4) in base 13?
2
What is -1 (base 13) in base 14?
-1
What is -151 (base 8) in base 9?
-126
Convert 98 (base 16) to base 9.
178
1 (base 15) to base 16
1
Convert -3 (base 15) to base 6.
-3
-2 (base 9) to base 4
-2
Convert 1020 (base 4) to base 2.
1001000
What is -72 (base 13) in base 7?
-162
What is -24 (base 10) in base 8?
-30
-174 (base 11) to base 2
-11001010
3102 (base 4) to base 16
d2
What is 1 (base 14) in base 10?
1
1010 (base 2) to base 6
14
What is 6 (base 14) in base 15?
6
5 (base 7) to base 14
5
Convert 1100 (base 2) to base 8.
14
Convert -107 (base 13) to base 8.
-260
Convert 12d (base 15) to base 9.
327
-231 (base 5) to base 15
-46
Convert -74 (base 16) to base 2.
-1110100
Convert 140 (base 5) to base 14.
33
Convert 101 (base 6) to base 13.
2b
What is -d (base 14) in base 4?
-31
Convert 16e (base 15) to base 11.
27a
Convert -111 (base 6) to base 9.
-47
What is 30 (base 6) in base 3?
200
Convert -3 (base 7) to base 16.
-3
1 (base 3) to base 9
1
-110 (base 2) to base 10
-6
Convert 10 (base 2) to base 14.
2
2 (base 3) to base 6
2
What is -5 (base 10) in base 7?
-5
Convert 13 (base 13) to base 16.
10
-1011 (base 2) to base 12
-b
-1a (base 12) to base 3
-211
What is 14 (base 9) in base 14?
d
Convert 12 (base 4) to base 8.
6
What is 34 (base 7) in base 6?
41
17 (base 14) to base 16
15
-4 (base 11) to base 7
-4
What is -116 (base 15) in base 10?
-246
Convert -211 (base 4) to base 5.
-122
Convert -72 (base 16) to base 4.
-1302
Convert -1000 (base 2) to base 15.
-8
What is 177 (base 8) in base 9?
151
15 (base 12) to base 6
25
14 (base 5) to base 12
9
What is 1245 (base 6) in base 3?
102202
What is 112 (base 11) in base 6?
342
6 (base 9) to base 15
6
What is 1100 (base 3) in base 2?
100100
-5 (base 9) to base 15
-5
39 (base 10) to base 12
33
What is -23 (base 13) in base 10?
-29
-1a (base 16) to base 4
-122
21 (base 4) to base 7
12
Convert 3 (base 13) to base 16.
3
-a (base 15) to base 6
-14
What is -65 (base 12) in base 15?
-52
4 (base 7) to base 2
100
d2 (base 16) to base 9
253
4 (base 13) to base 7
4
Convert -243 (base 6) to base 15.
-69
10100 (base 4) to base 8
420
131 (base 4) to base 2
11101
-b (base 12) to base 16
-b
What is 15 (base 9) in base 15?
e
What is -153 (base 6) in base 12?
-59
-19 (base 13) to base 2
-10110
-11 (base 4) to base 12
-5
Convert 14 (base 7) to base 12.
b
c (base 16) to base 8
14
What is 2232 (base 4) in base 11?
149
Convert -11100 (base 2) to base 15.
-1d
Convert -53 (base 13) to base 4.
-1010
Convert 20 (base 3) to base 16.
6
What is 312 (base 4) in base 15?
39
62 (base 14) to base 8
126
-461 (base 7) to base 10
-239
Convert 4 (base 6) to base 4.
10
Convert 105 (base 6) to base 14.
2d
Convert 12 (base 6) to base 12.
8
What is 3 (base 9) in base 6?
3
0 (base 2) to base 16
0
Convert -101000111 (base 2) to base 13.
-1c2
What is 7 (base 8) in base 12?
7
-27 (base 16) to base 15
-29
Convert 3 (base 6) to base 4.
3
0 (base 3) to base 6
0
Convert 0 (base 11) to base 13.
0
What is 9a (base 15) in base 3?
12101
25 (base 7) to base 11
18
Convert -3 (base 4) to base 14.
-3
What is 0 (base 8) in base 12?
0
What is 1213 (base 4) in base 7?
205
Convert -100 (base 5) to base 14.
-1b
Convert -2020 (base 3) to base 2.
-111100
Convert -21 (base 4) to base 15.
-9
What is -61 (base 11) in base 4?
-1003
Convert -21 (base 8) to base 16.
-11
-21 (base 4) to base 3
-100
Convert 65 (base 14) to base 5.
324
4 (base 12) to base 9
4
What is -3 (base 12) in base 6?
-3
What is aa (base 12) in base 9?
154
Convert 100 (base 2) to base 4.
10
-1 (base 14) to base 8
-1
What is 48 (base 11) in base 2?
110100
What is 2 (base 9) in base 14?
2
What is -101 (base 2) in base 10?
-5
Convert 212 (base 3) to base 13.
1a
-101001 (base 2) to base 8
-51
What is 34 (base 11) in base 2?
100101
45 (base 10) to base 11
41
Convert 100 (base 5) to base 6.
41
Convert -2202 (base 4) to base 3.
-20000
What is -9 (base 15) in base 12?
-9
-100101 (base 2) to base 15
-27
Convert 113 (base 4) to base 9.
25
Convert -11 (base 7) to base 6.
-12
23 (base 4) to base 8
13
What is 323 (base 7) in base 8?
244
Convert 2 (base 5) to base 16.
2
What is -2 (base 12) in base 16?
-2
What is -100 (base 6) in base 14?
-28
11022 (base 3) to base 4
1310
0 (base 8) to base 16
0
Convert 258 (base 10) to base 13.
16b
2 (base 7) to base 10
2
Convert 3 (base 5) to base 7.
3
Convert 9 (base 11) to base 5.
14
-12 (base 4) to base 16
-6
1 (base 9) to base 14
1
-14 (base 12) to base 6
-24
Convert -14 (base 14) to base 15.
-13
-2 (base 16) to base 13
-2
Convert -10 (base 3) to base 4.
-3
3c (base 16) to base 3
2020
3 (base 10) to base 12
3
Convert -50 (base 7) to base 10.
-35
3 (base 14) to base 11
3
What is -14 (base 6) in base 8?
-12
-422 (base 6) to base 3
-12212
-1 (base 7) to base 9
-1
What is 43 (base 6) in base 16?
1b
0 (base 7) to base 5
0
Convert -7 (base 11) to base 12.
-7
Convert -221 (base 8) to base 14.
-a5
0 (base 14) to base 6
0
Convert 411 (base 5) to base 9.
127
2 (base 4) to base 8
2
Convert 11 (base 5) to base 4.
12
-102 (base 4) to base 5
-33
Convert 13 (base 9) to base 15.
c
Convert -8 (base 15) to base 6.
-12
What is -2 (base 6) in base 3?
-2
Convert 3 (base 10) to base 2.
11
Convert 7 (base 11) to base 16.
7
Convert -14 (base 5) to base 15.
-9
What is -3 (base 13) in base 9?
-3
What is 9 (base 13) in base 4?
21
What is 11101100 (base 2) in base 14?
12c
What is 4c (base 14) in base 4?
1010
What is -b (base 15) in base 12?
-b
Convert 23 (base 5) to base 9.
14
Convert -2022 (base 3) to base 15.
-42
97 (base 10) to base 12
81
Convert -41 (base 9) to base 12.
-31
Convert 0 (base 15) to base 10.
0
What is -334 (base 5) in base 4?
-1132
100 (base 3) to base 5
14
Convert -132 (base 4) to base 13.
-24
-3 (base 10) to base 16
-3
What is 30 (base 4) in base 2?
1100
Convert 1 (base 9) to base 4.
1
What is 124 (base 6) in base 4?
310
-1221 (base 3) to base 8
-64
-c (base 15) to base 3
-110
2 (base 11) to base 14
2
50 (base 6) to base 5
110
What is -87 (base 9) in base 16?
-4f
28 (base 15) to base 10
38
Convert 7 (base 9) to base 12.
7
What is -13 (base 13) in base 11?
-15
Convert 12 (base 9) to base 15.
b
-9 (base 12) to base 4
-21
-2 (base 14) to base 10
-2
What is 3 (base 9) in base 2?
11
Convert 11001 (base 2) to base 14.
1b
Convert -221 (base 3) to base 14.
-1b
What is 110 (base 8) in base 4?
1020
1a (base 16) to base 2
11010
What is 21 (base 15) in base 9?
34
What is 0 (base 15) in base 6?
0
101 (base 6) to base 3
1101
Convert 0 (base 8) to base 10.
0
What is 3 (base 13) in base 5?
3
1 (base 14) to base 12
1
Convert 3 (base 12) to base 3.
10
Convert -3a (base 16) to base 9.
-64
b8 (base 13) to base 7
304
56 (base 12) to base 8
102
What is 1112 (base 4) in base 15?
5b
Convert -2b (base 14) to base 12.
-33
What is -6 (base 13) in base 9?
-6
What is 0 (base 2) in base 15?
0
What is 113 (base 7) in base 12?
4b
Convert 27 (base 9) to base 3.
221
Convert -49 (base 10) to base 5.
-144
What is 58 (base 9) in base 11?
49
10 (base 6) to base 4
12
15 (base 13) to base 15
13
What is -2 (base 14) in base 5?
-2
Convert -59 (base 11) to base 10.
-64
What is -1 (base 6) in base 15?
-1
What is 10100000 (base 2) in base 16?
a0
What is 171 (base 9) in base 6?
401
Convert -64 (base 8) to base 5.
-202
-29 (base 10) to base 6
-45
What is -43 (base 12) in base 15?
-36
What is -110 (base 10) in base 3?
-11002
Convert 32 (base 6) to base 7.
26
What is -322 (base 4) in base 8?
-72
-3 (base 9) to base 4
-3
-1 (base 15) to base 3
-1
What is -6 (base 8) in base 9?
-6
Convert 19 (base 12) to base 6.
33
Convert -124 (base 9) to bas